actors of 75868?
2, 13, 1459
What are the prime factors of 9332776?
2, 1166597
List the prime factors of 1436185.
5, 287237
What are the prime factors of 70131?
3, 97, 241
List the prime factors of 153872.
2, 59, 163
List the prime factors of 20992938.
2, 3, 3498823
What are the prime factors of 290019?
3, 277, 349
What are the prime factors of 438079?
281, 1559
What are the prime factors of 571153?
11, 137, 379
What are the prime factors of 14109007?
11, 1282637
What are the prime factors of 11156837?
11156837
What are the prime factors of 19872?
2, 3, 23
What are the prime factors of 177506?
2, 7, 31, 409
What are the prime factors of 3303227?
79, 41813
List the prime factors of 5871360.
2, 3, 5, 11, 139
What are the prime factors of 1666299?
3, 71, 7823
List the prime factors of 9281653.
29, 320057
List the prime factors of 549381.
3, 7, 26161
What are the prime factors of 7849500?
2, 3, 5, 5233
What are the prime factors of 11194532?
2, 1499, 1867
What are the prime factors of 9661829?
9661829
List the prime factors of 1023812.
2, 311, 823
List the prime factors of 403654.
2, 201827
List the prime factors of 897221.
13, 5309
List the prime factors of 3455495.
5, 29, 23831
What are the prime factors of 38197?
38197
What are the prime factors of 338731?
338731
List the prime factors of 275031.
3, 30559
List the prime factors of 22938220.
2, 5, 1146911
What are the prime factors of 50603?
7, 7229
List the prime factors of 1123225.
5, 179, 251
What are the prime factors of 494103?
3, 164701
What are the prime factors of 640031?
7, 91433
What are the prime factors of 16426039?
7, 37, 63421
List the prime factors of 510247.
510247
List the prime factors of 19945166.
2, 9972583
List the prime factors of 43509.
3, 14503
What are the prime factors of 184359?
3, 7, 8779
List the prime factors of 12761140.
2, 5, 7, 91151
What are the prime factors of 8332420?
2, 5, 416621
List the prime factors of 6594825.
3, 5, 87931
List the prime factors of 654360.
2, 3, 5, 7, 19, 41
What are the prime factors of 220442?
2, 110221
List the prime factors of 3088448.
2, 11, 41, 107
List the prime factors of 280910.
2, 5, 7, 4013
List the prime factors of 31001667.
3, 29, 43, 8287
What are the prime factors of 118821?
3, 39607
What are the prime factors of 308690?
2, 5, 30869
What are the prime factors of 1479192?
2, 3, 11, 13, 431
List the prime factors of 240458.
2, 251, 479
What are the prime factors of 15011855?
5, 293, 10247
What are the prime factors of 11304709?
13, 67, 12979
What are the prime factors of 229723?
13, 41, 431
List the prime factors of 68822.
2, 13, 2647
List the prime factors of 428448.
2, 3, 4463
What are the prime factors of 185641?
185641
What are the prime factors of 13830156?
2, 3, 37, 3461
List the prime factors of 98165.
5, 29, 677
List the prime factors of 4597835.
5, 11, 83597
What are the prime factors of 3323590?
2, 5, 127, 2617
What are the prime factors of 13454044?
2, 1571, 2141
What are the prime factors of 160588?
2, 19, 2113
What are the prime factors of 39833236?
2, 9958309
List the prime factors of 403608.
2, 3, 67, 251
What are the prime factors of 3210350?
2, 5, 11, 13, 449
What are the prime factors of 51053?
19, 2687
List the prime factors of 1263275.
5, 13, 23
List the prime factors of 11826.
2, 3, 73
What are the prime factors of 258859?
17, 15227
What are the prime factors of 3840184?
2, 480023
List the prime factors of 736580.
2, 5, 13, 2833
What are the prime factors of 922803?
3, 7, 43943
List the prime factors of 1326949.
13, 103, 991
List the prime factors of 18836754.
2, 3, 47, 66797
List the prime factors of 364228.
2, 23, 37, 107
List the prime factors of 4270212.
2, 3, 19, 2081
What are the prime factors of 499668?
2, 3, 13, 3203
What are the prime factors of 12947196?
2, 3, 59, 18287
What are the prime factors of 292122?
2, 3, 16229
What are the prime factors of 224671?
199, 1129
List the prime factors of 8465027.
541, 15647
List the prime factors of 569396.
2, 283, 503
What are the prime factors of 22386894?
2, 3, 1733, 2153
List the prime factors of 247680.
2, 3, 5, 43
List the prime factors of 19341222.
2, 3, 3223537
List the prime factors of 399179.
11, 3299
What are the prime factors of 174808?
2, 21851
List the prime factors of 417643.
417643
What are the prime factors of 6451977?
3, 7, 43891
List the prime factors of 438196.
2, 11, 23, 433
List the prime factors of 127607.
127607
List the prime factors of 3361659.
3, 7, 160079
What are the prime factors of 345813?
3, 13, 8867
What are the prime factors of 563144?
2, 70393
List the prime factors of 10263655.
5, 2052731
What are the prime factors of 388327?
257, 1511
List the prime factors of 224170.
2, 5, 29, 773
List the prime factors of 6312763.
17, 371339
What are the prime factors of 2757354?
2, 3, 181, 2539
List the prime factors of 856736.
2, 41, 653
What are the prime factors of 2062280?
2, 5, 11, 43, 109
List the prime factors of 1715415.
3, 5, 13, 19, 463
What are the prime factors of 152795?
5, 30559
What are the prime factors of 1472165?
5, 79, 3727
What are the prime factors of 97565?
5, 13, 19, 79
List the prime factors of 435546.
2, 3, 24197
What are the prime factors of 5335134?
2, 3, 7, 59, 2153
List the prime factors of 65181.
3, 21727
List the prime factors of 32814.
2, 3, 1823
What are the prime factors of 1411146?
2, 3, 11, 7127
What are the prime factors of 7568079?
3, 359, 7027
What are the prime factors of 84263?
84263
What are the prime factors of 50435?
5, 7, 11, 131
What are the prime factors of 14611435?
5, 2922287
What are the prime factors of 38226793?
11, 3475163
What are the prime factors of 1989718?
2, 19, 52361
What are the prime factors of 292611?
3, 11, 8867
What are the prime factors of 6575161?
6575161
List the prime factors of 318594.
2, 3, 29, 1831
What are the prime factors of 193286?
2, 96643
List the prime factors of 1108682.
2, 457, 1213
List the prime factors of 628108.
2, 13, 47, 257
What are the prime factors of 259418?
2, 151, 859
What are the prime factors of 5671073?
1307, 4339
List the prime factors of 718491.
3, 139, 1723
List the prime factors of 462094.
2, 17, 13591
What are the prime factors of 11672337?
3, 31, 125509
What are the prime factors of 742064?
2, 19, 2441
List the prime factors of 5991570.
2, 3, 5, 13, 569
List the prime factors of 286648.
2, 35831
What are the prime factors of 267813?
3, 7, 13, 109
What are the prime factors of 6144970?
2, 5, 13, 47269
What are the prime factors of 1057208?
2, 132151
What are the prime factors of 2063944?
2, 257993
List the prime factors of 325735.
5, 65147
List the prime factors of 379676.
2, 11, 8629
List the prime factors of 3789344.
2, 13, 9109
What are the prime factors of 461394?
2, 3, 25633
List the prime factors of 25434203.
25434203
List the prime factors of 702350.
2, 5, 11, 1277
What are the prime factors of 10356515?
5, 13, 137, 1163
What are the prime factors of 1587447?
3, 176383
List the prime factors of 1058438.
2, 229, 2311
List the prime factors of 51098.
2, 29, 881
What are the prime factors of 22500095?
5, 17, 23, 677
List the prime factors of 1669235.
5, 53, 6299
What are the prime factors of 1736886?
2, 3, 137, 2113
What are the prime factors of 450781?
353, 1277
List the prime factors of 1480956.
2, 3, 167, 739
List the prime factors of 87480.
2, 3, 5
List the prime factors of 2247078.
2, 3, 239, 1567
What are the prime factors of 4985155?
5, 7, 142433
List the prime factors of 127737.
3, 19, 83
What are the prime factors of 1324042?
2, 662021
List the prime factors of 2327600.
2, 5, 11, 23
List the prime factors of 8984241.
3, 7, 142607
What are the prime factors of 395491?
395491
What are the prime factors of 2948077?
11, 83, 3229
List the prime factors of 3033474.
2, 3, 31, 47, 347
What are the prime factors of 10125900?
2, 3, 5, 11251
List the prime factors of 915494.
2, 167, 2741
What are the prime factors of 1795210?
2, 5, 31, 5791
What are the prime factors of 396471?
3, 132157
List the prime factors of 1568303.
11, 142573
What are the prime factors of 7938922?
2, 19, 59, 3541
List the prime factors of 1265280.
2, 3, 5, 659
List the prime factors of 173460.
2, 3, 5, 7, 59
What are the prime factors of 2894230?
2, 5, 289